 + h. Suppose t*m = m + 16. List the prime factors of m.
2
Let m(o) = 11*o**2 + 2*o + 1. What are the prime factors of m(-1)?
2, 5
Suppose 3 = -3*i, -5*q + 2*i + 38 = -i. Suppose q = t - 1. List the prime factors of t.
2
What are the prime factors of (-2)/(-4) + (-4050)/(-36)?
113
Let q(g) = 2. Let x(l) = l**2 + 1. Let a(o) = q(o) + x(o). List the prime factors of a(3).
2, 3
Suppose -1 = 5*u + 9. Suppose 3*s - 5*s + g - 9 = 0, -2*s + 5*g = -11. Let l = u - s. What are the prime factors of l?
5
Suppose -3*j = -j - 72. Let t = 34 - 10. Let h = j - t. What are the prime factors of h?
2, 3
Let w(u) = 7*u**2 + 14*u - 8. What are the prime factors of w(-5)?
97
Let v(n) = -3*n**2 - n - 1. Let q be v(-1). Suppose 42 = 2*u + 2*j - 6*j, -3*j = 3*u - 18. Let s = q + u. List the prime factors of s.
2
Let c(v) = v**2 - 3*v - 7. What are the prime factors of c(8)?
3, 11
Let w(a) = -49*a + 5. List the prime factors of w(-1).
2, 3
Suppose -178 + 53 = -5*m. List the prime factors of m.
5
Let q = 302 + -207. What are the prime factors of q?
5, 19
List the prime factors of (1 - 3)*((-405)/10 + -4).
89
Suppose 4*f + 0*f + 3*i = 620, -620 = -4*f - 4*i. List the prime factors of f.
5, 31
Let c = 2 + 2. Let t be 124/8 - 2/c. List the prime factors of t/(2 + (-2)/2).
3, 5
Let n be 3/6 - (-10)/(-4). What are the prime factors of 2/(-3)*45/n?
3, 5
Let x = -10 - -31. Suppose 4*i - 16 = 2*o - 2, 4*i + 5*o = x. Let a = 13 - i. What are the prime factors of a?
3
Suppose 4*m - 105 = -3*v + 53, 0 = 2*m + 4*v - 84. What are the prime factors of m?
2, 19
List the prime factors of 1/((8/(-314))/(-4)).
157
Suppose 0 = 4*u + u - 80. Let v be ((-2)/(-4))/((-4)/u). List the prime factors of 13 - v/(-2)*1.
2, 3
Suppose -u + 60 = 3*u. What are the prime factors of u?
3, 5
List the prime factors of (1/(-2))/((-2)/124).
31
Let h(t) = 4 + t - t - 2*t. Let a be 1/((-11)/(-4) + -3). What are the prime factors of h(a)?
2, 3
Suppose -u - 4*m + 198 = 0, -m = -2*u - 6*m + 408. List the prime factors of u.
2, 107
Let h(u) = 4*u**2 - 3*u. What are the prime factors of h(4)?
2, 13
Let p(t) = -2*t + 1. Let b be p(-8). What are the prime factors of -3 + b/(0 + 1)?
2, 7
Let k(g) = -g**3 - 2*g**2 - 3*g. Let r be k(-2). Suppose r*n - 21 = 3*n. List the prime factors of n.
7
Let p = -204 + 424. Suppose -5*z + p = 5*b, -2*z + 5*b + 62 = -26. What are the prime factors of z?
2, 11
Suppose -2268 = -15*p + p. What are the prime factors of p?
2, 3
Suppose -2*f + 72 = 2*f. What are the prime factors of f?
2, 3
Let w be ((-12)/(-10))/((-6)/15). List the prime factors of 4 + -1 + w + 10.
2, 5
Let q(v) = 11*v**2 + v + 2. Let d be q(-1). Let b = d + 8. What are the prime factors of b?
2, 5
What are the prime factors of 10 - (-3 - -2 - -2)?
3
Let i be 0 + 0 - (-4 + 4). Let k(t) = 4*t**2 - 2*t + 14. Let m(h) = 9*h**2 - 5*h + 29. Let n(l) = 7*k(l) - 3*m(l). What are the prime factors of n(i)?
11
Suppose 25 = 3*r + 4*v - 20, 0 = r - 2*v - 5. What are the prime factors of r?
11
What are the prime factors of 1/(-3) + 60/18 - -102?
3, 5, 7
Let a(r) = -r**3 + 6*r**2 + 7*r + 6. Let z(t) = -4*t**2 - 2*t**2 + t**2 + t**3 + 3 + 5*t. Let u be z(4). List the prime factors of a(u).
2, 3
Let f be (1 - 11)*6/(-4). Let b = -4 - -16. Suppose -w - i = -b, -5*i + f = w - 13. What are the prime factors of w?
2
Let a(i) = i**3 - 8*i**2 - 6*i - 8. Suppose -o + 8 = w - 13, 0 = 5*o + 4*w - 101. Let j = -8 + o. List the prime factors of a(j).
19
Suppose 0*x = -2*x + 8. Suppose -m - 3*w + 95 = x*m, -5 = -w. What are the prime factors of m?
2
Let j = -15 + 8. Let l = 10 + j. What are the prime factors of l?
3
Let k(f) = -f**3 + 8*f**2 - 9*f - 3. List the prime factors of k(6).
3, 5
Suppose 4*w - 76 = -4*s, -1 + 13 = -4*w. List the prime factors of s.
2, 11
Let n = -240 - -448. What are the prime factors of n?
2, 13
Let n(c) = -4*c + 1. Let b be n(-1). Suppose 5*u = -5*x + 4*u + 5, 3 = 3*x + 4*u. Let f = x + b. List the prime factors of f.
2, 3
Let k = 1 + 1. Suppose -5*l - 5 = -15, -2*q = k*l - 34. What are the prime factors of q?
3, 5
Let z(h) = h + 4. Let v be z(-5). List the prime factors of v/(57/(-27) + 2).
3
Let h = -19 - -37. Let o(y) = -5*y**2 + 1. Let m be o(1). What are the prime factors of 12/h*(-78)/m?
13
Let c = 3 - 3. Let y(k) = -k**3 - k**2 + 5. Let f be y(c). Let d = f + -3. List the prime factors of d.
2
Let v(b) = 8*b + 7. What are the prime factors of v(3)?
31
List the prime factors of ((-348)/(-18))/(4/42).
7, 29
Let l(v) = v**3 + 13*v**2 + 12*v + 2. Let x be l(-12). Suppose -2*w + 4*w - 3*c - 81 = 0, w - x*c = 43. List the prime factors of w.
3, 11
List the prime factors of (-22)/(-99) - (-223)/9.
5
Suppose 6*w - 35 - 43 = 0. List the prime factors of w.
13
Let y be ((-1)/3)/(2/(-54)). Let f = 16 - y. List the prime factors of f.
7
Let x be 418/18 - (-4)/(-18). Suppose -x = -q - 0. Suppose -10 - q = -3*r. What are the prime factors of r?
11
Let a(q) be the second derivative of -3*q**2 + 2/3*q**3 + q + 7/12*q**4 + 1/20*q**5 + 0. What are the prime factors of a(-6)?
2, 3
Let l = 69 - 45. List the prime factors of l.
2, 3
Suppose 3*c + 3 - 9 = 0. Let l(d) = d**3 + d**2 + d - 1. Let n be l(2). Suppose 2*g = 4*m - 38, 2*m - g = c*g + n. List the prime factors of m.
11
Suppose 3*c + 5*o = -1 + 77, -5*c = 3*o - 100. List the prime factors of c.
17
Let p(v) = v**2 + 3*v - 6. Let h be p(-5). Suppose -4*o + d = -7, -o - h*d + 4 = -19. Suppose 3*q - o - 4 = r, -4*r + 3*q + 17 = 0. List the prime factors of r.
2
Let p(v) = -6*v - 40. List the prime factors of p(-9).
2, 7
Let x(y) = 2*y + 1. Suppose 2*o + 2 = 3*i - 5, 5*o + 2*i = -8. Let f = 7 + o. List the prime factors of x(f).
11
Suppose -3*n = 3 + 3, 0 = 3*d + 4*n - 52. Let a be (-2)/4 + 1/2. Suppose -f + a = -d. List the prime factors of f.
2, 5
Suppose 3*p = -5*r + 450, -2*r - 3*p = -7*p - 180. List the prime factors of r.
2, 3, 5
Suppose -2*m - 3*m = 0. Suppose -14 = -2*w - 3*g, -2*w + 3*g = 10 - m. Let o = w - -2. What are the prime factors of o?
3
Suppose 1 = -3*l - 5. What are the prime factors of (-117)/(-6) + 1/l?
19
Let i(v) = -v**3 - v**2 + 5*v - 26. Let r(b) = -b + 1. Let f(q) = -i(q) - 4*r(q). List the prime factors of f(0).
2, 11
Let z = 186 + -5. List the prime factors of z.
181
Let k(g) = -3*g**3 - 21*g**2 - 2*g - 8. Let o(t) = -2*t**3 - 10*t**2 - t - 4. Let f(v) = -3*k(v) + 5*o(v). What are the prime factors of f(13)?
17
Suppose 0 = -b + 2, -3*i + 9 = -b - 1. List the prime factors of i.
2
Let g = -5 - -5. List the prime factors of g + (-7)/(-1) - 2.
5
Let w = 6 - -24. List the prime factors of w.
2, 3, 5
Suppose -3*o = 3, a - 4*a - o + 353 = 0. Let q = a + -71. What are the prime factors of q?
47
Let h(q) = -q**3 - 15*q**2 - 15*q + 7. Let z be h(-14). Let r = 55 - z. List the prime factors of r.
2, 17
List the prime factors of (26/(-8))/((-7)/168).
2, 3, 13
Let x = 2 + -12. Let m = -1 - x. List the prime factors of m.
3
Suppose 0 = -5*x - f - 26, -5*f + 20 = -2*x - 12. Suppose 5*a - 65 = 3*o, 0 = a - 0*o - 3*o - 25. Let q = x + a. List the prime factors of q.
2
Suppose 21 = 5*u + 1. Let b = 21 + u. What are the prime factors of b?
5
Let q(c) = c + 4. Let n be (2 - 16/10)*-10. Let w be q(n). Suppose 18 = -w*b + 3*b. List the prime factors of b.
2, 3
Suppose -15*s = -18*s. Suppose 0 = 5*x - s*x - 35. List the prime factors of x.
7
Let u(n) = -5*n - 19. List the prime factors of u(-7).
2
Let a be 2/11 + 13/(-11). Let u be (1 - 30/(-3))*a. Let v = 19 + u. What are the prime factors of v?
2
Suppose -42*n + 37*n = -475. What are the prime factors of n?
5, 19
Let k = 2 - 1. Let p(m) = -11*m**3 - 4*m**2 - 7*m - 4. Let a(s) = 12*s**3 + 5*s**2 + 8*s + 5. Let r(l) = -5*a(l) - 6*p(l). List the prime factors of r(k).
2, 3
Suppose 5*u - 72 - 28 = 0. List the prime factors of u.
2, 5
Let o be (8/5)/((-2)/(-5)). Suppose -r + 27 = o*m, 6*r + 3*m = 3*r + 36. Suppose -3*p + 8 = -r. What are the prime factors of p?
5
Suppose -u - 3*t + 108 = 0, -6*u = -u + 2*t - 488. What are the prime factors of u?
2, 3
Let v(u) = -u**2 + 10*u - 3. Let j be v(-7). Let s = 198 + j. Suppose 0*q = 4*q - s. List the prime factors of q.
19
Suppose 0 = -k + 20 + 7. Let n = -56 + k. Let i = -18 - n. List the prime factors of i.
11
Let l(o) = o**2 - 2*o + 17. What are the prime factors of l(8)?
5, 1